 72*q + 35. Let w be t(-18). Calculate the highest common divisor of w and f.
5
Suppose -m + 356 = 5*z, 4*m + 4*z - 696 = 712. What is the greatest common divisor of m and 3744?
117
Let x = -471 + 337. Let i = x + 197. What is the highest common factor of i and 147?
21
Let s be 1/2 - (-3375)/450. What is the highest common factor of 347 and s?
1
Let j = 156 - 156. Suppose j = 6*i - 0 - 12. Calculate the highest common factor of 16 and i.
2
Suppose 0 = 45*u - 6*u + 82 - 628. Calculate the highest common divisor of 126 and u.
14
Let o = -3419 + 3863. What is the highest common factor of 2368 and o?
148
Let k = -662 + 667. Suppose -k*r + 1220 = 425. What is the highest common factor of r and 6?
3
Suppose 40*s - 28*s = 2446 + 3554. Calculate the greatest common divisor of s and 800.
100
Let h(t) = -12*t**3 + 84*t**2 + 250*t - 8. Let v be h(-3). What is the highest common divisor of v and 287?
7
Suppose -2*w + 1 = -3, -2*m - 3*w + 1304 = 0. What is the highest common factor of 11 and m?
11
Let c = -538 + 544. Suppose h - 22 = -q, c - 20 = -h - 3*q. What is the greatest common factor of h and 520?
26
Let p = -44 - -42. Suppose -4*z = 3*q + 8, -4*z - 17 = 3. Let w be p/6*-13 + q/(-12). Calculate the greatest common factor of w and 6.
2
Suppose 17*n = 18*n - 4*v - 2938, 0 = 5*n - 3*v - 14639. Calculate the greatest common factor of 88 and n.
22
Let j = 7432 - 6351. Calculate the highest common factor of 141 and j.
47
Let x = -3880 + 4025. What is the greatest common divisor of x and 3915?
145
Suppose -52*d - 5747 + 24311 = 0. Let g be (-51)/(-1)*(-26)/(-13). What is the greatest common factor of g and d?
51
Let i(b) = 78*b - 2190. Let d be i(35). What is the highest common divisor of d and 3420?
180
Let z be (-129)/6*(-105 - 3). Calculate the greatest common factor of 86 and z.
86
Suppose -6*f = 5*s - 2*f - 13, 1 = -s - 2*f. Suppose 2*k = -3*y + 244, 594 = s*y + 4*k + 184. What is the greatest common divisor of 12 and y?
6
Let k be -12 + (-3204)/(-270) + (-3 - (-6788)/60). What is the highest common factor of 70 and k?
10
Suppose -2*y - 5*f + 94 = 0, -3*f - 252 = -5*y - 7*f. Suppose 520 = -84914*k + 84922*k. What is the greatest common factor of y and k?
13
Let f be -9*((-1)/4)/((-39)/(-312)). Suppose f*y = 16*y + 116. Calculate the greatest common factor of 87 and y.
29
Let j(s) be the first derivative of s**2/2 + 28*s - 27. Let c be j(-13). Suppose -3*h + c + 9 = 0. Calculate the greatest common factor of h and 40.
8
Let p = -8958 - -9068. What is the highest common factor of 495 and p?
55
Let x be (2503 - -30) + (-18 - -1). What is the greatest common factor of x and 74?
74
Let d = 4539 - 3227. What is the highest common divisor of 16 and d?
16
Let a(k) = -17*k + 807. Let h be a(39). Calculate the greatest common divisor of 630 and h.
18
Let l = -134 - -159. Suppose l = 6*t - 71. Let g be (-96)/(-2)*(7 + -5). Calculate the greatest common divisor of t and g.
16
Let i = -105 + 58. Let h = i + 57. Let f(w) = 2*w**2 - w + 12. Let l be f(4). What is the highest common divisor of l and h?
10
Suppose -5*m - 41*v + 37*v = -12064, 4*m - 9652 = -4*v. Calculate the greatest common factor of m and 36.
36
Let q(v) = -v**3 + v + 237. Let s be q(0). Let k = -189 + s. Calculate the highest common divisor of 64 and k.
16
Suppose -12*q + 98 + 22 = 0. Suppose 382 = -7*g - q. Let t = g - -62. Calculate the highest common divisor of 18 and t.
6
Suppose -3*h - 3*l = -l - 78, -4*l = 0. Suppose -116 = -4*x + 5*r, -521*r + 522*r = 3*x - 109. Calculate the greatest common divisor of h and x.
13
Let i be -20*((-5)/2 - -2). Let d be ((-28)/(-63) + 0)*(7 - -2). Let t = i - d. What is the highest common divisor of t and 6?
6
Let i(w) = -5*w**2 - w. Let y be i(-3). Suppose 23*n = 24*n + 3*v - 41, -n + 4*v = -48. Let t = y + n. What is the greatest common divisor of 14 and t?
2
Let w = -27 + 84. Suppose w = 3*x - 3*l, -3*l + 2 + 37 = 3*x. Suppose -18000 = 135*f - 260*f. Calculate the highest common factor of x and f.
16
Suppose 3*a = 27 + 9. Let q(b) = 4*b - 36. Suppose 4*t - 18 = -2*h, 15*t = 12*t - 3. Let c be q(h). Calculate the highest common divisor of c and a.
4
Let a(v) = -22*v + 997. Let l be a(44). What is the highest common factor of l and 2987?
29
Suppose -2*u + 36 = u. Let h = -39318 - -39402. Calculate the highest common factor of h and u.
12
Suppose 5*y + 737 = -d - 274, -d - 4*y = 1016. Let f be (-5)/(20/d) + (-7)/(-7). What is the highest common divisor of f and 65?
65
Let v be 11160/(-100)*(-6)/(24/10). What is the highest common divisor of 31 and v?
31
Let x(m) = -m**3 + 3*m**2 + 2*m + 10. Let v be x(-3). Let n = v + -53. Suppose 566 + 534 = n*h. What is the greatest common factor of 20 and h?
20
Let i(c) = -29*c - 153. Let a be i(-8). Let x = 85 - a. What is the greatest common divisor of x and 14?
2
Let m = 1409 - 1212. Calculate the highest common factor of 4925 and m.
197
Suppose -16*a + 80 = -12*a. Suppose a*o + 1320 = 31*o. Let u(d) = 16*d**2 - d. Let s be u(1). Calculate the greatest common divisor of o and s.
15
Let n = -8659 + 30512. Calculate the highest common divisor of 26 and n.
13
Let m(k) = 11*k**2 + 8*k + 8. Let z be -2 + (-21 - -20)/((-1)/(-2)). Let g be m(z). What is the highest common divisor of g and 19?
19
Suppose 2*c - y - 970 + 876 = 0, 5*c - 268 = -3*y. Let z(d) = -72*d - 7. Let m be z(-6). What is the greatest common divisor of m and c?
25
Suppose -66*w - 825 = -2937. What is the highest common divisor of 144 and w?
16
Suppose 3*a - 111 - 681 = 0. Let j(i) = i**2 + 62*i - 1515. Let r be j(19). What is the highest common factor of a and r?
24
Let j = -17 + 30. Suppose -3*z + 8*z - 15 = 0. Suppose -z*n + 5*b + 356 = -48, 0 = -n + 4*b + 123. What is the highest common divisor of j and n?
13
Let v(p) = -2*p**3 - 101*p**2 + 266*p + 129. Let b be v(-53). What is the greatest common divisor of 475 and b?
19
Suppose -2*q = -q - 6. Suppose 31*l = 32*l - q. Suppose -10*o = -l*o - 40. Calculate the highest common factor of 20 and o.
10
Suppose 2*v - 25*v = -3151. What is the greatest common factor of v and 4110?
137
Let r(q) = 3*q + 2. Let k be r(1). Let a be k*16/20 - -1. Suppose -5*f - 2*m + 7 - 1 = 0, -2*m - 14 = -a*f. What is the highest common divisor of f and 10?
2
Let s = 7768 + -7764. Calculate the greatest common divisor of s and 772.
4
Suppose 0 = p + 5*u - 93, -4*p + 201*u - 197*u + 444 = 0. What is the highest common divisor of 456 and p?
12
Let v(g) = -2*g - 12. Let i be v(-8). Suppose 0 = 2*u + 4 - 8, 412 = i*y - 2*u. Calculate the highest common factor of y and 169.
13
Suppose -6*g - 197 = -233. Suppose -n + g*n - 4*b = 94, 0 = -3*n - 5*b + 49. Suppose 589 = 5*j - 401. Calculate the greatest common factor of j and n.
18
Suppose 0 = -61*n + 233 + 1758 - 161. Calculate the greatest common factor of n and 570.
30
Suppose 3*f = -3*k + 966, -5*f + 1594 = -0*f + k. Let g = f - 300. Calculate the highest common divisor of 45 and g.
9
Let g be (-18 - 0/(8/(-4)))*(-1216)/12. What is the greatest common divisor of 480 and g?
96
Let b = -40 - -104. Let j be (-72 - -73)/(1 - b/65). Suppose n + 2*v = 25, -5*n = -2*n + v - j. What is the greatest common factor of 6 and n?
3
Suppose 2*t = -t + 4*i + 20, -2*t = 4*i. Let k(a) = 2*a**3 + 2*a**2 + 3*a + 8. Let x be k(t). Calculate the greatest common divisor of x and 120.
60
Suppose 4*q - 2*h = 0, -3*q + 5*h + 12 = -5*q. Let w be 10 + q + 1/(-1). Suppose -13*f + w*f + 20 = 0. What is the highest common factor of f and 8?
4
Let u be 134/737 + 70/(-22) + 2. Let z(m) = -35*m - 3. Let t be z(u). What is the greatest common factor of 184 and t?
8
Suppose -147*i + 223*i = -26963 + 229731. Calculate the highest common factor of 348 and i.
116
Let v be -16*7/(-224)*(1915 + -1). What is the highest common divisor of v and 406?
29
Let k be 8 - (3*-84 + 7). Let u = -242 - -253. Calculate the highest common divisor of u and k.
11
Suppose -37878 = -13*n - 37748. What is the highest common divisor of 3610 and n?
10
Suppose 5*u + 52*g = 56*g + 120, -2*u - 5*g = -81. What is the greatest common divisor of 21 and u?
7
Let l be 2 - (13 + -26 - 5). What is the highest common divisor of 20 and l?
20
Let s(o) = 22*o + 5. Let m be s(-1). Let v = m - -20. Let h = 20 + -8. What is the greatest common divisor of h and v?